{"id":12,"date":"2010-12-25T17:08:16","date_gmt":"2010-12-25T16:08:16","guid":{"rendered":"http:\/\/www.meinet.de\/wpRingsberg\/?page_id=12"},"modified":"2015-05-20T12:11:23","modified_gmt":"2015-05-20T11:11:23","slug":"geschichte","status":"publish","type":"page","link":"https:\/\/www.ringsberg.net\/?page_id=12","title":{"rendered":"Geschichte"},"content":{"rendered":"<p><strong>Ur- und Fr\u00fchgeschichte<\/strong><br \/>\nZwischen Ringsberg und Siegum liegen die Reste einer einst 160 Meter langen Grabanlage der Jungsteinzeit ( ca. 4300 \u2013 2300 v.Chr). Auch im Ortsteil Ranmark finden sich mehrere Stellen, an denen mal Gro\u00dfsteingr\u00e4ber gestanden haben. Zusammen mit Einzelfunden von Werkzeugen jener Epoche belegen sie die fr\u00fche Nutzung des Gemeindegebietes.<\/p>\n<p><strong>Ortsnamendeutung<\/strong><br \/>\nRingsberg wurde 1438 als \u201eRinghesberge&#8220; erstmals erw\u00e4hnt. Die Bedeutung des Ortsnamens ist nicht gew\u00e4hrleistet. Er k\u00f6nnte sich von einem Personennamen herleiten. Dann m\u00fcsste er mit \u201eBerg des Ring, Ringo, Ringolf&#8220; \u00fcbersetzt werden. M\u00f6glicherweise leitet er sich aber auch von einem wirklichen Ring &#8211; einem arch\u00e4ologischen Fund, einer Steinsetzung oder \u00c4hnlichem &#8211; ab.<\/p>\n<p>Geschichte Ringsberg geh\u00f6rte nach der Landesteilung 1544 zum k\u00f6niglich regierten Herzogtum Schleswig. Der Ort fiel genauso wie das Gorf Ranmark 1582 an Johann den J\u00fcngeren. Er war der j\u00fcngere Bruder des d\u00e4nischen K\u00f6nigs Friedrich II. Da die schleswig-holsteinischen St\u00e4nde sich weigerten, Johann zu huldigen, hatte er keinen gemeinsamen Anteil an der Regierung der Herzogt\u00fcmer Schleswig und Holstein. Daher wurden er und seine Nachkommen die \u201eAbgeteilten Herren&#8220; genannt. Johann teilte seinen Herrschaftsbereich weiter 1622 unter seinen Kindern auf. Ringsberg und Ranmark fielen so an das Herzogtum Gl\u00fccksburg. Diese \u00e4ltere Linie der Gl\u00fccksburger starb jedoch im 18. Jahrhundert aus und das Herrschaftsgebiet kam zur\u00fcck unter die d\u00e4nische Krone. Seit 1779 geh\u00f6rten Ringsberg und Ranmark zur Munkbrarupharde. Als nach der Einverleibung Schleswig-Holsteins in den preu\u00dfischen Staat 1867 aus beiden Orten zusammen eine Landgemeinde gebildet wurde, z\u00e4hlte man 154 Einwohner. Von 1886 bis 1953 bestand am Ort eine Haltestelle der Kleinbahn Flensburg.<\/p>\n<p>Das Wappen Der goldene Ring und der angedeutete Berg beziehen sich auf den Ortsnamen. Der Ring vertritt gleichzeitig den Ort Ringsberg, der der Gemeinde den Namen gegeben hat. Die Garbe repr\u00e4sentiert den Gemeindeteil Ranmark, in dem die Landwirtschaft nach wie vor die Haupterwerbsgrundlage ist. Das Eichenblatt symbolisiert den Ortsteil S\u00fcderholz. Unter den auf dem Gemeindegebiet gemachten vorgeschichtlichen Funden befindet sich ein Steingrab, abgebildet in der unteren Wappenh\u00e4lfte. Die Farben des Wappens sind \u2013 ausgenommen das Schwarz des Megalithgrabes \u2013 die Farben des Landesteils Schleswig.<\/p>\n","protected":false},"excerpt":{"rendered":"<p>Ur- und Fr\u00fchgeschichte Zwischen Ringsberg und Siegum liegen die Reste einer einst 160 Meter langen Grabanlage der Jungsteinzeit ( ca. 4300 \u2013 2300 v.Chr). Auch im Ortsteil Ranmark finden sich mehrere Stellen, an denen mal Gro\u00dfsteingr\u00e4ber gestanden haben. Zusammen mit Einzelfunden von Werkzeugen jener Epoche belegen sie die fr\u00fche Nutzung des Gemeindegebietes. Ortsnamendeutung Ringsberg wurde &hellip; <\/p>\n<p class=\"link-more\"><a href=\"https:\/\/www.ringsberg.net\/?page_id=12\" class=\"more-link\"><span class=\"screen-reader-text\">\u201eGeschichte\u201c <\/span>weiterlesen<\/a><\/p>\n","protected":false},"author":1,"featured_media":0,"parent":9,"menu_order":0,"comment_status":"closed","ping_status":"open","template":"","meta":{"footnotes":""},"class_list":["post-12","page","type-page","status-publish","hentry"],"yoast_head":"<!-- This site is optimized with the Yoast SEO plugin v27.4 - https:\/\/yoast.com\/product\/yoast-seo-wordpress\/ -->\n<title>Geschichte - Ringsberg .net<\/title>\n<meta name=\"robots\" content=\"index, follow, max-snippet:-1, max-image-preview:large, max-video-preview:-1\" \/>\n<link rel=\"canonical\" href=\"https:\/\/www.ringsberg.net\/?page_id=12\" \/>\n<meta property=\"og:locale\" content=\"de_DE\" \/>\n<meta property=\"og:type\" content=\"article\" \/>\n<meta property=\"og:title\" content=\"Geschichte - Ringsberg .net\" \/>\n<meta property=\"og:description\" content=\"Ur- und Fr\u00fchgeschichte Zwischen Ringsberg und Siegum liegen die Reste einer einst 160 Meter langen Grabanlage der Jungsteinzeit ( ca. 4300 \u2013 2300 v.Chr). Auch im Ortsteil Ranmark finden sich mehrere Stellen, an denen mal Gro\u00dfsteingr\u00e4ber gestanden haben. Zusammen mit Einzelfunden von Werkzeugen jener Epoche belegen sie die fr\u00fche Nutzung des Gemeindegebietes. Ortsnamendeutung Ringsberg wurde &hellip; \u201eGeschichte\u201c weiterlesen\" \/>\n<meta property=\"og:url\" content=\"https:\/\/www.ringsberg.net\/?page_id=12\" \/>\n<meta property=\"og:site_name\" content=\"Ringsberg .net\" \/>\n<meta property=\"article:publisher\" content=\"https:\/\/www.facebook.com\/pages\/Ringsberg\/213485405355388\" \/>\n<meta property=\"article:modified_time\" content=\"2015-05-20T11:11:23+00:00\" \/>\n<meta name=\"twitter:label1\" content=\"Gesch\u00e4tzte Lesezeit\" \/>\n\t<meta name=\"twitter:data1\" content=\"2\u00a0Minuten\" \/>\n<script type=\"application\/ld+json\" class=\"yoast-schema-graph\">{\"@context\":\"https:\\\/\\\/schema.org\",\"@graph\":[{\"@type\":\"WebPage\",\"@id\":\"https:\\\/\\\/www.ringsberg.net\\\/?page_id=12\",\"url\":\"https:\\\/\\\/www.ringsberg.net\\\/?page_id=12\",\"name\":\"Geschichte - Ringsberg .net\",\"isPartOf\":{\"@id\":\"https:\\\/\\\/www.ringsberg.net\\\/#website\"},\"datePublished\":\"2010-12-25T16:08:16+00:00\",\"dateModified\":\"2015-05-20T11:11:23+00:00\",\"breadcrumb\":{\"@id\":\"https:\\\/\\\/www.ringsberg.net\\\/?page_id=12#breadcrumb\"},\"inLanguage\":\"de\",\"potentialAction\":[{\"@type\":\"ReadAction\",\"target\":[\"https:\\\/\\\/www.ringsberg.net\\\/?page_id=12\"]}]},{\"@type\":\"BreadcrumbList\",\"@id\":\"https:\\\/\\\/www.ringsberg.net\\\/?page_id=12#breadcrumb\",\"itemListElement\":[{\"@type\":\"ListItem\",\"position\":1,\"name\":\"Home\",\"item\":\"https:\\\/\\\/www.ringsberg.net\\\/\"},{\"@type\":\"ListItem\",\"position\":2,\"name\":\"Gemeinde\",\"item\":\"https:\\\/\\\/www.ringsberg.net\\\/?page_id=9\"},{\"@type\":\"ListItem\",\"position\":3,\"name\":\"Geschichte\"}]},{\"@type\":\"WebSite\",\"@id\":\"https:\\\/\\\/www.ringsberg.net\\\/#website\",\"url\":\"https:\\\/\\\/www.ringsberg.net\\\/\",\"name\":\"Ringsberg .net\",\"description\":\"&quot;..l\u00e4ndlich, lebendig, nett.. &quot;\",\"potentialAction\":[{\"@type\":\"SearchAction\",\"target\":{\"@type\":\"EntryPoint\",\"urlTemplate\":\"https:\\\/\\\/www.ringsberg.net\\\/?s={search_term_string}\"},\"query-input\":{\"@type\":\"PropertyValueSpecification\",\"valueRequired\":true,\"valueName\":\"search_term_string\"}}],\"inLanguage\":\"de\"}]}<\/script>\n<!-- \/ Yoast SEO plugin. -->","yoast_head_json":{"title":"Geschichte - Ringsberg .net","robots":{"index":"index","follow":"follow","max-snippet":"max-snippet:-1","max-image-preview":"max-image-preview:large","max-video-preview":"max-video-preview:-1"},"canonical":"https:\/\/www.ringsberg.net\/?page_id=12","og_locale":"de_DE","og_type":"article","og_title":"Geschichte - Ringsberg .net","og_description":"Ur- und Fr\u00fchgeschichte Zwischen Ringsberg und Siegum liegen die Reste einer einst 160 Meter langen Grabanlage der Jungsteinzeit ( ca. 4300 \u2013 2300 v.Chr). Auch im Ortsteil Ranmark finden sich mehrere Stellen, an denen mal Gro\u00dfsteingr\u00e4ber gestanden haben. Zusammen mit Einzelfunden von Werkzeugen jener Epoche belegen sie die fr\u00fche Nutzung des Gemeindegebietes. Ortsnamendeutung Ringsberg wurde &hellip; \u201eGeschichte\u201c weiterlesen","og_url":"https:\/\/www.ringsberg.net\/?page_id=12","og_site_name":"Ringsberg .net","article_publisher":"https:\/\/www.facebook.com\/pages\/Ringsberg\/213485405355388","article_modified_time":"2015-05-20T11:11:23+00:00","twitter_misc":{"Gesch\u00e4tzte Lesezeit":"2\u00a0Minuten"},"schema":{"@context":"https:\/\/schema.org","@graph":[{"@type":"WebPage","@id":"https:\/\/www.ringsberg.net\/?page_id=12","url":"https:\/\/www.ringsberg.net\/?page_id=12","name":"Geschichte - Ringsberg .net","isPartOf":{"@id":"https:\/\/www.ringsberg.net\/#website"},"datePublished":"2010-12-25T16:08:16+00:00","dateModified":"2015-05-20T11:11:23+00:00","breadcrumb":{"@id":"https:\/\/www.ringsberg.net\/?page_id=12#breadcrumb"},"inLanguage":"de","potentialAction":[{"@type":"ReadAction","target":["https:\/\/www.ringsberg.net\/?page_id=12"]}]},{"@type":"BreadcrumbList","@id":"https:\/\/www.ringsberg.net\/?page_id=12#breadcrumb","itemListElement":[{"@type":"ListItem","position":1,"name":"Home","item":"https:\/\/www.ringsberg.net\/"},{"@type":"ListItem","position":2,"name":"Gemeinde","item":"https:\/\/www.ringsberg.net\/?page_id=9"},{"@type":"ListItem","position":3,"name":"Geschichte"}]},{"@type":"WebSite","@id":"https:\/\/www.ringsberg.net\/#website","url":"https:\/\/www.ringsberg.net\/","name":"Ringsberg .net","description":"&quot;..l\u00e4ndlich, lebendig, nett.. &quot;","potentialAction":[{"@type":"SearchAction","target":{"@type":"EntryPoint","urlTemplate":"https:\/\/www.ringsberg.net\/?s={search_term_string}"},"query-input":{"@type":"PropertyValueSpecification","valueRequired":true,"valueName":"search_term_string"}}],"inLanguage":"de"}]}},"_links":{"self":[{"href":"https:\/\/www.ringsberg.net\/index.php?rest_route=\/wp\/v2\/pages\/12","targetHints":{"allow":["GET"]}}],"collection":[{"href":"https:\/\/www.ringsberg.net\/index.php?rest_route=\/wp\/v2\/pages"}],"about":[{"href":"https:\/\/www.ringsberg.net\/index.php?rest_route=\/wp\/v2\/types\/page"}],"author":[{"embeddable":true,"href":"https:\/\/www.ringsberg.net\/index.php?rest_route=\/wp\/v2\/users\/1"}],"replies":[{"embeddable":true,"href":"https:\/\/www.ringsberg.net\/index.php?rest_route=%2Fwp%2Fv2%2Fcomments&post=12"}],"version-history":[{"count":1,"href":"https:\/\/www.ringsberg.net\/index.php?rest_route=\/wp\/v2\/pages\/12\/revisions"}],"predecessor-version":[{"id":13,"href":"https:\/\/www.ringsberg.net\/index.php?rest_route=\/wp\/v2\/pages\/12\/revisions\/13"}],"up":[{"embeddable":true,"href":"https:\/\/www.ringsberg.net\/index.php?rest_route=\/wp\/v2\/pages\/9"}],"wp:attachment":[{"href":"https:\/\/www.ringsberg.net\/index.php?rest_route=%2Fwp%2Fv2%2Fmedia&parent=12"}],"curies":[{"name":"wp","href":"https:\/\/api.w.org\/{rel}","templated":true}]}}